ate the greatest common divisor of 7 and c.
7
Let t(b) = 6*b**2 + 6*b + 3. Suppose 3*v + 0*v + 12 = 0. Let o be t(v). Calculate the highest common factor of 30 and o.
15
Suppose -4*r - 2*i = -38, 0*r + 2*i + 43 = 5*r. What is the greatest common factor of r and 72?
9
Suppose -11 = -4*y + 5. Suppose 3 = -y*t - 9. Let c = t - -5. Calculate the highest common divisor of c and 2.
2
Let t(a) = -a**3 - 4*a**2 - 3*a - 6. Let g be t(-4). Suppose 0 = -h + g - 1. Suppose 2 = h*v - 4*v. What is the highest common divisor of 3 and v?
1
Let q = 13 + 5. Let g be ((-36)/(-27))/(2/q). Suppose -3*i + 8 = -16. Calculate the greatest common factor of i and g.
4
Let n(j) = j**3 - j**2 + 55. Let i be n(0). Suppose -l + 1 = -0*l, -3*l + 18 = 3*s. What is the highest common divisor of s and i?
5
Let n be (-10)/(-2)*20/25. Suppose -77 = -n*p + 123. Calculate the greatest common divisor of 75 and p.
25
Let l(u) = u**3 + 12*u**2 + 11*u + 6. Let x be l(-11). What is the highest common divisor of 66 and x?
6
Suppose 0 = -2*k - 4*s + 80 + 60, 3*k - 198 = -2*s. Suppose -5*j - 47 = -4*g, 2*g + 5*j - 9 = -g. Calculate the highest common divisor of k and g.
8
Let m(c) = 3*c + 0*c - 2*c + 10. Let n be m(0). Calculate the highest common divisor of 2 and n.
2
Suppose -2*r = -k - 0*k + 15, -3*r - 14 = -k. What is the greatest common divisor of 136 and k?
17
Let x(a) = -42*a - 3. Let g be x(-4). Calculate the highest common divisor of g and 15.
15
Let o(u) = u**2 + u - 12. Let x be o(-5). Calculate the greatest common divisor of 88 and x.
8
Let m be (-928)/12 + (-2)/(-6). Let y be (-4)/14 + (-407)/m. Calculate the highest common factor of y and 30.
5
Let t(b) = 2*b**2 + 4*b. Let z be t(-6). What is the highest common factor of z and 72?
24
Let v = -13 - -19. Suppose -3*z + 21 = 5*f, -z - 3*f + f = -v. Let d be 8/z + (-13)/(-3). Calculate the greatest common divisor of 15 and d.
5
Let q(i) be the third derivative of i**5/60 - 5*i**4/12 - i**3/2 - i**2. Let p be q(11). Suppose t = p + 18. Calculate the greatest common factor of 39 and t.
13
Let g(k) = k**3 - 16*k**2 - 18*k + 5. Let b be g(17). Let u(p) = -5*p + 17. Let f be u(b). What is the highest common factor of 11 and f?
11
Let s = -16 - -19. What is the greatest common divisor of 27 and s?
3
Suppose 0 = -4*o + 7 + 1. Suppose o*a + x - 272 = 0, -408 = -3*a - 0*x + x. What is the highest common divisor of 17 and a?
17
Suppose j = -1 + 4. Suppose 2*m = -j*m + 45. What is the greatest common factor of m and 63?
9
Let d be -4*4/2*-1. Suppose d = 3*p - 7. What is the highest common divisor of p and 55?
5
Suppose 0 = -4*q + 5*f + 17, -2*q - 2*q = 4*f + 28. Let k = q + 4. Suppose p = k*w - 7, w = 4*p - 4*w + 13. Calculate the highest common divisor of 3 and p.
3
Suppose 2*n - 2*u - 2 = 0, n + 4*u - 6 = 20. Suppose -2*c + 30 + n = 2*m, 5*m + 70 = 5*c. Calculate the highest common divisor of c and 64.
16
Let v be ((-3)/4)/(-3 - (-575)/192). Calculate the highest common divisor of v and 16.
16
Let x(o) = -31*o - 66. Let f be x(-6). What is the greatest common divisor of 15 and f?
15
Let g(d) = 2*d**2 + 13*d + 3. Let u be g(-12). Calculate the highest common factor of u and 15.
15
Let r = 1 + 2. Suppose 5*d = -u - 627, u = -r*d + 108 - 483. Let m = 270 + d. Calculate the greatest common factor of 16 and m.
16
Let j be 4/7 - (-17)/7. Calculate the greatest common divisor of 27 and j.
3
Let r be (-4)/(-5)*765/6. Suppose 2*h = -a + 107, h - r = -h - 2*a. What is the greatest common divisor of 7 and h?
7
Suppose 20 + 0 = 4*r. Let x = r - -17. Calculate the greatest common divisor of x and 55.
11
Let o be 304/(-6)*(1 + -4). Let y(a) = -2*a + 4. Let b be y(4). Let q be b/(-14) - (-524)/28. Calculate the highest common divisor of o and q.
19
Let p = -22 + 47. What is the greatest common divisor of p and 10?
5
Suppose -2*t + 66 = -0*t. Suppose 5*v = 4*v + 11. Calculate the highest common divisor of v and t.
11
Let z(r) = 5*r**2 - 3*r**2 + 13 - 2 + 7*r - 2*r. Let v be z(-8). What is the greatest common factor of v and 11?
11
Suppose -3*n - 3*j - 3 = -0, j + 17 = 3*n. Let i(b) = 6*b**3 + b**2 - 3*b + 1. Let r be i(2). Let l = -31 + r. Calculate the highest common factor of l and n.
4
Let w = 11 + 16. What is the highest common factor of w and 297?
27
Suppose 4*d + 2 = 2*d. Let a be 2 - (-3 + d)*7. Let o be 2/8 + 23/4. Calculate the highest common divisor of a and o.
6
Let h be (-57)/(-6) - 6/4. Let i = h + 0. Let a be 2/8 + 351/4. Calculate the highest common divisor of i and a.
8
Suppose 2*m - 3*m + 32 = 0. Let w = 24 + m. Suppose -2*x = 2*x - w. Calculate the highest common divisor of x and 56.
14
Suppose -38 = -2*x - 6. What is the highest common divisor of 24 and x?
8
Let z = 1335 - 480. Suppose z = 3*f + 129. What is the highest common divisor of f and 22?
22
Let i = 143 - 80. What is the greatest common factor of 42 and i?
21
Let u(o) = o + 5. Let i be u(-6). Let c be (i - -2)*24/3. Suppose 66 - 426 = -5*d. Calculate the greatest common divisor of c and d.
8
Suppose -4 - 73 = -7*t. Let s be (-3)/(6/(-4)) + 115. Suppose 0 = 4*u + 3*z - 226, -s = -3*u - 2*z + 52. What is the greatest common divisor of t and u?
11
Let w be ((4 + 286)/5)/2. What is the greatest common factor of 203 and w?
29
Let k be (8/(-3))/(1/(-3)). Let l be -20*1/(4/(-8)). Calculate the greatest common factor of l and k.
8
Let k = 8 + 1. Calculate the greatest common divisor of k and 81.
9
Suppose 3*a - 116 = 52. What is the highest common factor of a and 84?
28
Let o(r) = 0 + 3 + 4*r + 6*r**2 - 10*r - r**3. Let j be o(5). Let i be (j/4)/(2/(-44)). Calculate the highest common divisor of i and 22.
11
Let x = -3 + 32. Calculate the highest common divisor of 29 and x.
29
Suppose 0 = l - 1 - 15. Suppose 0 = 2*b - l. Calculate the greatest common divisor of b and 1.
1
Let z = 7 - 9. Let i be 24/(z/6*-1). What is the greatest common factor of 9 and i?
9
Suppose 4*k = -k + 20. Calculate the highest common factor of 10 and k.
2
Let z = 6 + 0. Let c(t) = 3*t**2 + 8*t + 4. Let k be c(z). Let a = 288 - k. Calculate the greatest common divisor of 16 and a.
16
Let p be (1*-5 + 1)*18/(-24). Calculate the greatest common factor of p and 2.
1
Suppose -22 = -3*c + 2. Suppose 2*w = 4 + c. What is the highest common divisor of w and 66?
6
Let h = -7 + 5. Let m be 118 + 2 + -2 - h. Suppose -3*p + m = p. Calculate the greatest common divisor of 10 and p.
10
Let w be (-16)/(-88) - (-3384)/22. Let q = -62 + w. Suppose 0*b = b - q. What is the greatest common divisor of 23 and b?
23
Let c(t) = t**2 - 8*t + 12. Let j be c(8). Calculate the highest common factor of j and 42.
6
Suppose -186 + 6 = -20*g. What is the greatest common divisor of g and 54?
9
Suppose 2*x = -35 - 139. Let n = 213 + x. Calculate the highest common factor of n and 18.
18
Let h(z) = -z**2 - 15*z + 30. Let g be h(-15). Calculate the highest common factor of g and 10.
10
Let o = -23 - -31. Calculate the highest common divisor of o and 64.
8
Suppose -5*a = -3*a - 40. What is the greatest common factor of 10 and a?
10
Let a(h) = h**2 - h + 1. Let y be (-54)/(-10) + (-2)/5. Let d be a(y). What is the highest common divisor of d and 3?
3
Let s = 45 - 35. Calculate the greatest common divisor of s and 190.
10
Suppose 7*g = 10 + 620. What is the greatest common divisor of 36 and g?
18
Suppose -403 = -6*a - 115. Calculate the highest common factor of a and 12.
12
Suppose 5*k - 429 = -4*s - 45, 0 = 2*k + 3*s - 148. Calculate the highest common factor of k and 30.
10
Let o(i) = 12*i**2 - 2*i. Let l be o(-1). Calculate the highest common factor of 70 and l.
14
Let p be 6 + -5 - (-18)/(-2). Let o be -2 + 2 + (-1 - p). Let a = -4 + o. What is the highest common factor of 3 and a?
3
Let t be (-8)/(-36) + (-16)/(-9). Let c be (-18)/12*(t + 0). Let q be c/(3/48*-2). What is the greatest common divisor of 12 and q?
12
Let p = 3 + -5. Let j be (p + 2)/2 + 2. Suppose -j*s + 15 = -s. Calculate the highest common divisor of s and 135.
15
Let b = 103 - 74. Suppose 5*u - 16 = b. Calculate the highest common divisor of u and 45.
9
Let k be (-1 + 2)/((-1)/(-2)). Let q be k/(-1)*22/(-4). What is the greatest common divisor of 121 and q?
11
Suppose -3*z = 4*p - p - 21, -2*p + 9 = -3*z. Suppose f = -2*f + 54. Let y be (-10 - 1)/((-3)/f). What is the h